ive g(c).
6
Let r(y) be the second derivative of -y**3/6 + y**2 + y. Calculate r(4).
-2
Let q(o) be the second derivative of -o**3/3 - o**2/2 - 11*o. Give q(-3).
5
Let a(w) = -w**2 - 2*w - 1. Let n be (4 - 2) + 0 - 3. Let f be 5 + ((-2)/n - 4). Suppose -f*l = l + 8. Calculate a(l).
-1
Let d = -3 + 5. Let x(o) = o**2 - 17*o**3 + 3*o**2 + 15*o**3 - d*o. Let a(q) = q**3 + 5*q**2 - q - 3. Let z be a(-5). Give x(z).
-4
Let d(q) = -q - 4. Suppose -r + 4*r - 36 = 0. Suppose -v = 3*v + r. Give d(v).
-1
Let g(p) be the first derivative of p**3/2 - 3*p**2/2 - 2*p - 1. Let y(z) be the first derivative of g(z). Determine y(3).
6
Let o(r) be the second derivative of -r**6/40 + r**4/24 + r**2/2 - 2*r. Let c(f) be the first derivative of o(f). Give c(-1).
2
Suppose 3*f - 6*f - 2*r = -17, -13 = -3*f + 2*r. Let l(j) = 2 - j**2 - f - 2*j + 1. Calculate l(-2).
-2
Let f(b) be the second derivative of -b**5/120 - 2*b**3/3 + b. Let h(d) be the second derivative of f(d). Calculate h(3).
-3
Let z(b) = -b**2 + 6*b - 6. Let i be z(5). Let s(g) = 8*g**3 + 2*g**2 - 1. What is s(i)?
-7
Let i(f) = 2 + f - 4*f + 2*f. Give i(0).
2
Suppose 2*x = 3*x. Let j(t) = -6*t + 4 + 0*t**2 - t**2 - 1 + x*t. Calculate j(-7).
-4
Let q(r) be the second derivative of 8*r**3/3 + 28*r. What is q(-1)?
-16
Suppose -2*s - 14 = -3*s. Let v = s - 9. Let z(f) = -f**2 + 2*f + 1. Give z(v).
-14
Let h = -13 + 4. Let y be 3*(30/h)/(-5). Let j(m) = y - 1 + 4 - 3 - m. Give j(0).
2
Let c(d) be the second derivative of 3*d - 1/2*d**2 - 1/3*d**3 + 0. Suppose -3 = -2*i + 1. What is c(i)?
-5
Let y = 35 - 30. Let m(p) = p**2 - 8*p - 3. Let t(r) = -r**2 + 7*r + 3. Let f(n) = -3*m(n) - 4*t(n). Determine f(y).
2
Let h(l) be the second derivative of -l**3/6 + 9*l**2/2 - 22*l. Suppose -r + 0 + 2 = 0. Let c = r - 2. Determine h(c).
9
Let h(i) = -2*i + 7. Let b(n) = 3*n - 7. Let f(p) = 4*b(p) + 5*h(p). Determine f(-6).
-5
Let w(r) = r. Let b(y) = 3*y - 6. Let m be b(5). Suppose 5*k + m = -6. Give w(k).
-3
Let y(s) = -2*s - 3*s**2 + 1 + s**2 + s**3 + 0*s**2. Let r(m) = -m**2 + 3*m + 3. Let u be r(3). Let o be y(u). Let v(p) = -p + 3. What is v(o)?
-1
Let f(n) = 8*n**3 + 5*n**2 + 8*n - 7. Let d(v) = v**3 - v**2 - v + 1. Let g(j) = -6*d(j) - f(j). Give g(1).
-14
Let t(p) = p**2 - p - 2. Let m(r) = -2*r**2 + 3*r + 5. Let o(a) = -4*m(a) - 7*t(a). Calculate o(5).
-6
Let t(l) = -l**3 - 5*l**2 - l - 1. Let b be t(-5). Let v(w) = -65*w + 134*w - 70*w. Let s be v(b). Let j(x) = -x**3 - 3*x**2 + 7*x + 6. What is j(s)?
-6
Let u(i) be the second derivative of 1/2*i**3 + 0 + 1/6*i**4 + 3*i - 3/2*i**2. Determine u(2).
11
Let d(p) be the first derivative of p**4/4 - p**2/2 - 6*p - 8. Give d(0).
-6
Suppose -5*f = -5*x + 35, 3*x - f = -0*x + 11. Let i(a) = -a**3 + a**2 - 1. What is i(x)?
-5
Let w(z) be the second derivative of z**5/4 + z**4/12 + z**3/6 - z**2/2 + 8*z. Calculate w(1).
6
Let z(k) = -k**3 - 3*k**2 + 2*k. Let n = 1 + 2. Suppose n*t = -2*t. Suppose -5*f - 6 - 9 = t. What is z(f)?
-6
Let y(b) = -57*b - 57*b - 66*b + 4 - b**2 + 175*b. Determine y(-6).
-2
Let n(t) = -3*t**2 + 6*t - 4. Let k(s) = s**2 - s + 1. Let i(c) = 5*k(c) + n(c). Give i(2).
11
Let a(s) be the third derivative of -s**5/30 - s**4/24 - 12*s**2. Calculate a(2).
-10
Let d(u) = u**2 - 1 - 6*u + 1 - 9. Let c(y) = 2*y**2 - 11*y - 17. Let v(j) = 3*c(j) - 5*d(j). Give v(5).
4
Let x = 2 - 8. Let l be ((-6)/(-9))/((-2)/x). Let m = -3 + l. Let w(s) = -7*s - 1. Determine w(m).
6
Let k be (-3 - -6)*(2 - 1). Suppose k*l - 1 = -10. Let x(n) be the second derivative of -n**5/20 - n**4/3 - n**3/6 + 2*n**2 + 3*n. Determine x(l).
-2
Let j(p) = p**2 - p - 2. Let v(h) = 3*h**2 - 8*h - 12. Let t(i) = 2*j(i) - v(i). Give t(8).
-8
Let h be (-20)/(-35)*35/(-10). Let y(k) be the second derivative of -k + 0 + k**2 + 1/20*k**5 + 1/6*k**3 + 0*k**4. Give y(h).
-8
Let p(k) = 2*k + 1. Let f(y) = 10*y + 4. Let t(j) = -2*f(j) + 11*p(j). Calculate t(-6).
-9
Let n be (-2)/6 - 33/9. Let t be (1 + -4 - -2)*-1. Let r(i) = -t - 2 + i**2 + 5 - 4*i - 2*i**2. Give r(n).
2
Let g(z) be the first derivative of z**5/120 + z**4/12 - 2*z**3/3 + 3. Let o(f) be the third derivative of g(f). Determine o(2).
4
Let w(y) = y + 14. Let a(f) = 1. Let b(c) = a(c) + w(c). Determine b(-7).
8
Let y(o) = -o + 3. Let z be y(1). Let b be (8 - 8)*1/z. Let c(a) = a - 15. Give c(b).
-15
Suppose 4*m + 10 = 22. Let r(k) = -k**3 + 2*k**2 + 4*k - 1. Calculate r(m).
2
Let q(j) = j**2 - 9*j. Let s(g) = -g**2 + 9*g + 1. Let u(d) = -2*q(d) - 3*s(d). Calculate u(9).
-3
Let a(b) = -2*b - 17. Let x be a(-8). Let u(c) = -3*c**3 - 1. Give u(x).
2
Let c(n) = 3*n**3 + n**2 - 3*n + 1. Let r(k) = -k**3 - k**2 - 1. Let b(p) = -c(p) - 2*r(p). What is b(-2)?
7
Suppose 4*h + 32 = 4*r, -5*h - 6 = -3*h. Let g(f) = -4*f + 5*f + 3 - r + 3*f**2 + 0. Calculate g(-2).
8
Let l(s) = 5*s**2 + 6*s - 4. Let d(b) = -b**3 - b**2 + 1. Let c(i) = d(i) - l(i). Let o(u) = -7*u - 26. Let x be o(-3). What is c(x)?
10
Let p(a) = 2*a**2 + 58 - 5*a**2 - 56 + 0*a**2. Calculate p(-2).
-10
Let w(u) be the second derivative of -1/12*u**4 - u**3 - 3*u**2 - 2*u + 0. Calculate w(-6).
-6
Let v(h) be the first derivative of h**4/4 - 2*h**3 - 2*h + 3. Let p = 10 + -4. Give v(p).
-2
Let m(s) = -s**2 + 6*s + 1. Let t be 3/(-2)*(-338)/(-39). Let y = -10 - t. What is m(y)?
10
Let j(c) = -4*c**3 + 9*c**2 - 2*c + 2. Let v(m) = -m**3 + m**2 + 1. Let g(f) = -j(f) + 5*v(f). Suppose b = 4*b - 9. Suppose -5*u - 8 = -b*u. Determine g(u).
-5
Let d(k) = -k**2 + 3*k - 1. Let m = 7 - -1. Suppose -5*f = -m - 7. Give d(f).
-1
Let s(u) = -u**3 - 8*u**2 - 8*u - 5. Let o be s(-7). Let f(q) = -q**3 - 2*q**2 + 2 + 3*q - o + 1. Determine f(-3).
1
Let w(o) = -5*o - 3. Suppose -x + 2*l + 10 = -5*x, 5*l = -2*x - 1. Determine w(x).
12
Let g(d) = d**2 - 5*d + 1. Let p(f) = 2*f**2 - 5*f + 2. Let q(w) = 3*g(w) - 2*p(w). Calculate q(-6).
-7
Let a(s) be the first derivative of -s**3/3 + 7*s**2/2 - 2*s + 2. What is a(7)?
-2
Suppose 4*o + 14 = 3*f, 0*o - 8 = -2*f + 2*o. Let s(l) = 2*l**2 - 4*l**f + l**2. Give s(-1).
-1
Let g(p) = -3*p - 9 + 3 + 2 + 2*p**2. Determine g(3).
5
Let j(n) = -n - 3. Let s = 2 + 2. Suppose 2*c - s = 4. Calculate j(c).
-7
Let k(u) = 6 - 29*u**3 - 6 + 5*u**2 + 28*u**3 - u. Determine k(5).
-5
Let g(m) = -2*m + 2. Let s(p) = 3*p - 5. Let j(b) = -7*g(b) - 3*s(b). Suppose v - 4 = -v. Give j(v).
11
Suppose 28 = -3*m - 4*m. Let c(i) = -i**2 - 3*i - 1. Calculate c(m).
-5
Let h(j) = 4*j + 2 + j**3 + j + 2 + 5*j**2. Let x be -2 - -11 - (2 - -1). Let q be x*(-3)/((-36)/(-8)). What is h(q)?
0
Let i(b) = -b - 13. Let y be -2*((-5)/(-2))/(-1). Suppose c - 2*c - 4*m = -16, -c = y*m - 19. Suppose 0 = -2*a + k - 11, c*a - a + 4*k = -22. What is i(a)?
-7
Let d = -234 - -239. Let z(b) be the third derivative of -b**6/120 + b**5/15 + 7*b**4/24 - b**3 + 2*b**2. Calculate z(d).
4
Let v(u) = -u**2 - 7*u - 5. Let i be v(-5). Let a be (i - 2)*-2 - -3. Let x(r) = -r**2 + r + 1. Determine x(a).
-11
Let p(x) = 8*x + 0 - x - 2 - x**2. Let j be p(7). Let w be 2 + (j + 0 - -3). Let a(r) = -r**3 + 3*r**2 + 3*r - 3. What is a(w)?
6
Let g(w) = -w - 5. Let q be 2/3 - 8/12. Let y(a) = a - 1. Let o(u) = -7*u + 12. Let d(c) = -o(c) - 6*y(c). Let h be d(q). Give g(h).
1
Let z(l) = -l**3 + 6*l**2 + l. Suppose 0 = 2*k - 6 - 6. Calculate z(k).
6
Let v = 9 - 7. Suppose -6*s + 8*s - v = 0. Let q(r) = -2*r. Give q(s).
-2
Let s be (8/(-10))/(2/(-10)). Suppose -k = 2*o - 3*o - 4, -6 = -k - o. Let i(u) = -7 - k*u - u**2 + 10*u - 1 + 3. Give i(s).
-1
Let a(g) = -29*g**2 + 3*g + g**3 + 12*g**2 + 13*g**2. What is a(3)?
0
Suppose 8*y = 3*y + 3*v, 3*y + v = 0. Let g(w) be the second derivative of y + w + 1/2*w**3 + 1/2*w**2. What is g(-2)?
-5
Suppose -4 = 6*l - 2*l. Let z(j) be the third derivative of -11*j**4/24 + j**3/6 - 2*j**2 - 18*j. Give z(l).
12
Let q(n) = n**3 - 3*n**2 + n. Let m be ((-1 + 3)/(-2))/(9/(-18)). Determine q(m).
-2
Let p(f) be the third derivative of 3*f**2 + 0*f + 1/24*f**4 + 0*f**3 + 0. Suppose 2*w - 7*w = -20. What is p(w)?
4
Let w(y) = y - 2*y**2 - 3*y**2 - y**2 - 2 + 7*y**2. Calculate w(-2).
0
Let m(d) = d**3 - d**2. Suppose -6*x = -3*x + 9. Let n(p) = -4*p**3 - 2*p - 4. Let i(c) = x*m(c) - n(c). Let f be (-1)/1*(-2 + 5). Determine i(f).
-2
Let q(h) = h**3 - 3*h**2 - 3*h - 3. Let t be 2/(((-30)/6)/(-10)). 